 - -6?
6
Let c(p) = -p**3 + 4*p**2 - 5*p + 3. Let d be c(3). Let s(l) = 3*l**2 + 2*l + 2. What is the units digit of s(d)?
3
Suppose 0*g - 3*q - 24 = 3*g, 2*g - 5*q = 12. Let a = g - -14. What is the tens digit of a?
1
Let x(u) = -5*u**3 + 2*u - 1. Let v = 4 - 3. Let l be x(v). What is the units digit of 3*((-40)/3)/l?
0
Let p be 0/(4 + (-2)/1). Suppose -16 = 2*x - p. What is the units digit of x/((-2)/(-4)*-2)?
8
Suppose 0 = 4*o - 1 - 83. What is the tens digit of o?
2
Let p(i) = 12*i - 1. What is the units digit of p(7)?
3
Let r be (-2)/4*(-30)/3. Suppose -w = -t - 5 - 13, -w - r*t = -6. What is the units digit of w/(-6)*(-27)/12?
6
Let k(n) = n**2 - 4*n - 2. Let i be k(5). Let c(y) = y. Let f be c(i). Let u = f - -11. What is the tens digit of u?
1
Let z = -59 + 74. What is the tens digit of z?
1
Suppose -2*g - 20 = -152. What is the units digit of g?
6
Let m = -92 + 93. Let v(p) = 3*p**3 - 3*p**2 + 1. Let r be v(2). Let w = r + m. What is the tens digit of w?
1
Let c = 33 + -32. What is the units digit of c?
1
Let f = 40 - -50. What is the tens digit of f?
9
Suppose 7 = -2*n + n. Let k = n - -17. Let z = 13 - k. What is the units digit of z?
3
Let a(x) = x - 6. Suppose 2*u - j - 8 = j, -3*u + 32 = 2*j. What is the units digit of a(u)?
2
Let f(p) = 45*p**2 + 3*p + 5. What is the hundreds digit of f(-2)?
1
Suppose -5*j + 4*p = -6, -4*j - p - 4*p = -13. Suppose -j*t - 3*t + d + 28 = 0, -4*d = t + 7. What is the units digit of t?
5
What is the units digit of (-12)/(-8) - 2 - (-1173)/6?
5
Let v = 47 - 21. Suppose -v = -k - 8. Suppose -s = 2*s - k. What is the units digit of s?
6
Let r = 69 + -41. What is the units digit of r?
8
Suppose -2*l - 6 = -40. Let d be (l/(-3))/((-2)/12). Let n = d - 21. What is the units digit of n?
3
Suppose 0 = 5*c + 4*u - 85, -2*c = -c - 4*u - 17. What is the units digit of c?
7
Suppose 4*r = -4*j - 48, -3*r + 5*j = 2 + 2. Let a(g) be the first derivative of -g**3/3 - 9*g**2/2 + 3*g - 4. What is the tens digit of a(r)?
1
Let u = -1 - -9. What is the units digit of u?
8
Let d be -1 + -4 + 3 - -21. Suppose 0 = 3*x + 4*g - d, -4*x + 2*g + 2*g - 12 = 0. What is the units digit of x?
1
Let u be 13 + -1*(-3 + 5). Let x = u - 9. Let h(g) = -g**3 + 3*g**2 + 2*g - 1. What is the units digit of h(x)?
7
Let i = 441 + -275. What is the tens digit of i?
6
Let z be -2 - ((-21)/3 - -3). Suppose 5*b - 80 = -3*p, -2*p = -3*b + z*b + 29. What is the tens digit of b?
1
What is the tens digit of (-2)/((-8)/666*(-3)/(-2))?
1
Suppose -4*m + 1407 = 287. What is the tens digit of m?
8
Let w = -5 - -13. What is the tens digit of ((-4)/(-5))/(w/220)?
2
Let s be (-3)/(((-3)/(-57))/(-1)). Suppose -s = -2*m - m. What is the tens digit of m?
1
Suppose -2*w = -5*k - 59, 5*w - 3*k - 136 = -2*k. What is the units digit of 2/3*w/2?
9
Let g(m) = m**3 + 5*m**2 - 7*m - 2. Suppose n + 12 = -n. Let c be g(n). Suppose -2*a + c*a = 4. What is the units digit of a?
2
Let l(v) = v**2 + v - 3 + 2*v + v. Let p be l(-5). What is the units digit of 66/9 + p/(-6)?
7
Let t(g) be the third derivative of -3/2*g**3 + 1/24*g**4 + 0 - 3*g**2 + 0*g. What is the units digit of t(10)?
1
Let h be (16/(-6))/4*-12. Let u(g) = -g**2 + 8*g + 8. What is the units digit of u(h)?
8
Suppose 0 = 2*y + 1 - 5. Suppose 2 = 2*u - y. Suppose -v + u*l = -3, 0 = 4*v + 3*l - 15 + 3. What is the units digit of v?
3
Let h = -9 + -3. Let s = -8 - h. Suppose s*m + 3 = 15. What is the units digit of m?
3
Let x = -60 - -34. Let b = 0 - x. What is the tens digit of b?
2
What is the units digit of -3 + 3 - 2 - -4?
2
Suppose 3*w - 252 - 99 = 0. Let z = -69 + w. What is the units digit of z?
8
Let c = -10 + 16. Let v be c/9 - (-19)/3. Suppose v*p - 36 = 4*p. What is the units digit of p?
2
Let d(t) = 2*t**2 - 3*t - 2. Suppose -1 = -2*j + n + 2, -9 = -2*j - n. What is the units digit of d(j)?
7
Let s(p) = p**2 + p - 9. What is the tens digit of s(6)?
3
Let l be -3*(-1 - (-8)/(-6)). Let d be 35/4 + 36/(-48). Let p = d - l. What is the units digit of p?
1
Let q(p) = p**3 - 2*p**2 - 2*p - 2. Let z = 0 - -3. Let o be q(z). Suppose o = -2*c + 25. What is the units digit of c?
2
Let h(v) = -v + 2. Let c be h(2). Let l be (-1 + c)*(-6 + -3). What is the units digit of (l/12)/(2/8)?
3
Let y = 8 + 9. Let f = y + -12. Suppose -4*x + 23 = -f. What is the units digit of x?
7
Let n(b) = 13*b**3 + b**2 - 1. Let q be n(1). Let p = 45 + -43. What is the units digit of (-4 - -6)/(p/q)?
3
Suppose -b + 6 = -41. What is the tens digit of b?
4
Suppose -3*i + 2*i + 8 = 0. What is the units digit of i?
8
Let o be -1 + (-4 - -2) + 6. Suppose 7*z = o*l + 4*z - 36, -4*l = 4*z - 24. What is the units digit of l?
9
Let x(z) = -z**3 - 6*z**2 - z + 8. Let p be (-6)/(-2 + (-1)/(-2)). Suppose 5*i + 27 = 3*u, 2*u - 14 = 2*i + p*u. What is the tens digit of x(i)?
1
Suppose -2*s - 165 = -5*s - 4*v, 4*s - 2*v - 220 = 0. What is the tens digit of s?
5
Let y(h) = -4*h - h - 3 + 2*h. Let m be y(-2). What is the units digit of 10 + -1 - (-2 + m)?
8
Let m be (-1)/(15/(-6) - -2). Suppose 0 = -m*g + 4, -o - 2 = 3*o - 5*g. Suppose 3*w + 3 = 4*v, -o*v - 2 = -3*w + 1. What is the units digit of v?
3
Let k(x) = 18*x. Let n be (-3)/(-21) + (-6)/(-7). What is the units digit of k(n)?
8
Suppose 8 = -2*x + 4*x. Suppose x*k - k = 48. Suppose l + 15 = z, l + 21 = 3*z - k. What is the units digit of z?
1
Suppose 0 = 3*a - a - 8. Let b = 1 + a. What is the units digit of b?
5
Let t be (3/((-6)/(-56)))/1. Let w = t + 5. Suppose 0*x = 3*x - w. What is the units digit of x?
1
Let d = -89 - -147. What is the tens digit of d?
5
Let d(a) = 61*a**3 + a**2 + a - 2. What is the tens digit of d(1)?
6
Suppose 2*d = w + 22, 2*w = 2*d - d - 32. Let j = 18 + w. What is the units digit of j?
4
Let o = 81 + 12. What is the units digit of o?
3
Suppose 15*i = 12*i + 12. What is the units digit of i?
4
Let h(p) = 3*p. Suppose 12 = 5*z + 4*x, 3*z - 2*x - 20 = -4. Suppose -4*q + c = 3*c - 8, 5*q - 10 = z*c. What is the units digit of h(q)?
6
Let z = 31 + -56. What is the tens digit of 3/5 + (-285)/z?
1
What is the units digit of ((-14)/(-3))/7*27?
8
Suppose 2*v - 3 = -v. Let u = v + 20. What is the units digit of u?
1
Suppose 5*c = 5*w - 705, -5*w = c - 633 - 48. What is the hundreds digit of w?
1
Let m(i) = -2*i + 2. Let p(a) = -a**3 - 5*a**2 - 6*a - 4. Let h be p(-4). Let t be (2/h)/((-5)/20). What is the units digit of m(t)?
6
Let m(c) = c**2 - 4*c + 3. What is the tens digit of m(7)?
2
Let g = 10 + 20. What is the units digit of g?
0
What is the tens digit of (1*-8)/(2/24*-2)?
4
Suppose 59 = 4*p - 201. What is the tens digit of p?
6
Let o = -7 - -15. Let c = o + -7. Let n = 2 + c. What is the units digit of n?
3
Let b(r) = -8*r. Let u = 9 - 10. What is the units digit of b(u)?
8
Let v = -6 - -54. What is the tens digit of v?
4
Suppose -24 + 3 = -3*z. Let l(c) = c**3 - 7*c**2 + 3*c - 6. Let m be l(z). What is the units digit of (8/(-6))/(-2)*m?
0
Let s(z) be the second derivative of z**3/3 + 15*z**2/2 + 7*z. What is the tens digit of s(12)?
3
What is the units digit of -19 - -18 - (0 - 3)?
2
Let c(h) = -h**3 + 1 - 8*h + 0 + 8*h**2 + h. Let z be (-29)/(-4) + 1/(-4). What is the units digit of c(z)?
1
Let u be (-42)/35*(-10)/4. Suppose -u*i - 135 = -8*i. What is the tens digit of i?
2
Suppose -3*x = -2*f + 95 - 3, -2*f - 164 = 5*x. Let o = -14 - x. What is the units digit of o/4 - 3/(-6)?
5
Suppose 2*z + 2 = 16. Let a = z - 4. What is the units digit of a?
3
Let v(m) = -140*m**2 - 2*m + 1. Suppose 2*r - 6 = 4*o, 4*o - 9 = -4*r + 3*r. Let h be v(o). What is the units digit of h/(-21) + (-2)/(-7)?
7
Let o be (4 - 2) + (3 - 1). Suppose 5*f - 15 - 17 = 3*p, -o*p = 3*f + 4. Suppose 0*b - 4*b = -f. What is the units digit of b?
1
Suppose -4*k + z = -202, 0 = -7*z + 6*z - 2. What is the units digit of k?
0
Let m be (-2 - -2) + 5 + -3. Suppose -26 = -m*k - 4. What is the tens digit of k?
1
Suppose -4*g + 71 = -73. What is the tens digit of g?
3
Let s = 4 + 30. What is the units digit of s?
4
Suppose -4*x - 20 = -8*x. What is the units digit of x?
5
Suppose 3*q - 87 = -2*j, 3*q - 3*j - 91 = -4. Let y = -15 + q. Suppose 5*d - y = 11. What is the units digit of d?
5
Suppose -4*f + 266 = 3*q, 0*q + 425 = 5*q + 3*f. What is the tens digit of q?
8
Suppose -133 - 120 = -4*m - 3*b, 5*